rs of 2525?
5, 101
What are the prime factors of 561?
3, 11, 17
What are the prime factors of 39857?
39857
What are the prime factors of 40938?
2, 3, 6823
List the prime factors of 4721.
4721
What are the prime factors of 142687?
97, 1471
What are the prime factors of 2598?
2, 3, 433
What are the prime factors of 7680?
2, 3, 5
List the prime factors of 101853.
3, 11317
What are the prime factors of 28895?
5, 5779
List the prime factors of 4513.
4513
What are the prime factors of 149?
149
List the prime factors of 808.
2, 101
List the prime factors of 1219.
23, 53
List the prime factors of 36641.
11, 3331
What are the prime factors of 4251?
3, 13, 109
What are the prime factors of 1916?
2, 479
What are the prime factors of 1287?
3, 11, 13
What are the prime factors of 39269?
107, 367
What are the prime factors of 11892?
2, 3, 991
List the prime factors of 141952.
2, 1109
List the prime factors of 97316.
2, 24329
List the prime factors of 708.
2, 3, 59
What are the prime factors of 723?
3, 241
What are the prime factors of 87413?
61, 1433
List the prime factors of 642.
2, 3, 107
What are the prime factors of 88012?
2, 22003
List the prime factors of 105027.
3, 13, 2693
List the prime factors of 1339.
13, 103
List the prime factors of 15144.
2, 3, 631
What are the prime factors of 13176?
2, 3, 61
List the prime factors of 63233.
37, 1709
List the prime factors of 174.
2, 3, 29
List the prime factors of 75281.
83, 907
What are the prime factors of 16739?
19, 881
List the prime factors of 8846.
2, 4423
List the prime factors of 1336.
2, 167
What are the prime factors of 1701?
3, 7
List the prime factors of 84490.
2, 5, 7, 17, 71
What are the prime factors of 2089?
2089
List the prime factors of 1947.
3, 11, 59
What are the prime factors of 36932?
2, 7, 1319
What are the prime factors of 5481?
3, 7, 29
What are the prime factors of 6364?
2, 37, 43
What are the prime factors of 27864?
2, 3, 43
What are the prime factors of 33806?
2, 16903
What are the prime factors of 4720?
2, 5, 59
What are the prime factors of 18113?
59, 307
List the prime factors of 14424.
2, 3, 601
List the prime factors of 950.
2, 5, 19
List the prime factors of 2390.
2, 5, 239
What are the prime factors of 12333?
3, 4111
What are the prime factors of 5517?
3, 613
List the prime factors of 24458.
2, 7, 1747
List the prime factors of 4485.
3, 5, 13, 23
List the prime factors of 22884.
2, 3, 1907
What are the prime factors of 7390?
2, 5, 739
What are the prime factors of 173?
173
What are the prime factors of 84232?
2, 10529
List the prime factors of 10.
2, 5
What are the prime factors of 466?
2, 233
List the prime factors of 3146.
2, 11, 13
What are the prime factors of 13721?
13721
List the prime factors of 10408.
2, 1301
What are the prime factors of 5016?
2, 3, 11, 19
What are the prime factors of 8645?
5, 7, 13, 19
List the prime factors of 13479.
3, 4493
List the prime factors of 121067.
121067
What are the prime factors of 8603?
7, 1229
List the prime factors of 12938.
2, 6469
What are the prime factors of 5164?
2, 1291
List the prime factors of 3472.
2, 7, 31
What are the prime factors of 20020?
2, 5, 7, 11, 13
What are the prime factors of 444?
2, 3, 37
What are the prime factors of 135430?
2, 5, 29, 467
List the prime factors of 1116.
2, 3, 31
What are the prime factors of 24811?
43, 577
What are the prime factors of 13118?
2, 7, 937
What are the prime factors of 532?
2, 7, 19
What are the prime factors of 71305?
5, 13, 1097
List the prime factors of 29747.
151, 197
What are the prime factors of 18731?
18731
What are the prime factors of 2571?
3, 857
What are the prime factors of 4162?
2, 2081
What are the prime factors of 9585?
3, 5, 71
What are the prime factors of 216?
2, 3
List the prime factors of 357.
3, 7, 17
What are the prime factors of 8577?
3, 953
List the prime factors of 6007.
6007
List the prime factors of 19160.
2, 5, 479
List the prime factors of 90744.
2, 3, 19, 199
What are the prime factors of 321?
3, 107
List the prime factors of 16416.
2, 3, 19
List the prime factors of 190.
2, 5, 19
List the prime factors of 462.
2, 3, 7, 11
What are the prime factors of 2970?
2, 3, 5, 11
List the prime factors of 73003.
7, 10429
List the prime factors of 1883.
7, 269
List the prime factors of 867.
3, 17
What are the prime factors of 334?
2, 167
List the prime factors of 3206.
2, 7, 229
What are the prime factors of 27683?
19, 31, 47
List the prime factors of 8657.
11, 787
List the prime factors of 1464.
2, 3, 61
List the prime factors of 13852.
2, 3463
What are the prime factors of 146?
2, 73
List the prime factors of 8099.
7, 13, 89
List the prime factors of 359.
359
List the prime factors of 5361.
3, 1787
What are the prime factors of 10758?
2, 3, 11, 163
What are the prime factors of 12897?
3, 1433
List the prime factors of 48021.
3, 16007
What are the prime factors of 396?
2, 3, 11
List the prime factors of 33619.
33619
What are the prime factors of 4673?
4673
List the prime factors of 15535.
5, 13, 239
What are the prime factors of 2119?
13, 163
What are the prime factors of 2067?
3, 13, 53
What are the prime factors of 10300?
2, 5, 103
List the prime factors of 856.
2, 107
What are the prime factors of 15292?
2, 3823
List the prime factors of 853.
853
What are the prime factors of 1982?
2, 991
List the prime factors of 3630.
2, 3, 5, 11
List the prime factors of 1117.
1117
What are the prime factors of 8403?
3, 2801
List the prime factors of 3084.
2, 3, 257
List the prime factors of 454.
2, 227
What are the prime factors of 12199?
11, 1109
What are the prime factors of 12063?
3, 4021
List the prime factors of 11291.
7, 1613
List the prime factors of 111642.
2, 3, 23, 809
List the prime factors of 43392.
2, 3, 113
List the prime factors of 64626.
2, 3, 10771
What are the prime factors of 6926?
2, 3463
What are the prime factors of 11418?
2, 3, 11, 173
List the prime factors of 2418.
2, 3, 13, 31
What are the prime factors of 260?
2, 5, 13
What are the prime factors of 6475?
5, 7, 37
List the prime factors of 29620.
2, 5, 1481
List the prime factors of 2449.
31, 79
List the prime factors of 1507.
11, 137
What are the prime factors of 61753?
37, 1669
List the prime factors of 399.
3, 7, 19
What are the prime factors of 1175?
5, 47
What are the prime factors of 1718?
2, 859
List the prime factors of 11946.
2, 3, 11, 181
What are the prime factors of 19675?
5, 787
List the prime factors of 22697.
22697
List the prime factors of 330.
2, 3, 5, 11
What are the prime factors of 10110?
2, 3, 5, 337
What are the prime factors of 17347?
11, 19, 83
List the prime factors of 1361.
1361
List the prime factors of 124.
2, 31
What are the prime factors of 5483?
5483
List the prime factors of 9612.
2, 3, 89
What are the prime factors of 10155?
3, 5, 677
What are the prime factors of 892?
2, 223
List the prime factors of 4389.
3, 7, 11, 19
What are the prime factors of 6109?
41, 149
What are the prime factors of 1383?
3, 461
List the prime factors of 2254.
2, 7, 23
List the prime factors of 87861.
3, 29287
List the prime factors of 4308.
2, 3, 359
List the prime factors of 1689.
3, 563
List the prime factors of 2683.
2683
List the prime factors of 966.
2, 3, 7, 23
List the prime factors of 7415.
5, 1483
List the prime factors of 7954.
2, 41, 97
List the prime factors of 11309.
43, 263
What are the prime factors of 2362?
2, 1181
What are the prime factors of 93286?
2, 46643
What are the prime factors of 26190?
2, 3, 5, 97
List the prime factors of 14526.
2, 3, 269
What are the prime factors of 1068?
2, 3, 89
List the prime factors of 685.
5, 137
What are the prime factors of 821?
821
What are the prime factors of 350?
2, 5, 7
What are the prime factors of 1212?
2, 3, 101
What are the prime factors of 18455?
5, 3691
What are the prime factors of 84435?
3, 5, 13, 433
What are the prime factors of 4601?
43, 107
List the prime factors of 4249.
7, 607
What are the prime factors of 75463?
17, 23, 193
What are the prime factors of 668?
2, 167
List the prime factors of 6973.
19, 367
List the prime factors of 1396.
2, 349
What are the prime factors of 2053?
2053
List the prime factors of 6206.
2, 29, 107
What are the prime factors of 214?
2, 107
What are the prime factors of 3375?
3,